y = -45 + 43. What is the units digit of i + (3 - (-6 + y))?
8
Let k(t) = t**3 - 4*t**2 + 5*t - 3. Let d be k(3). Suppose -5*g + 36 = -3*g. Suppose 5*u + g = -2*r + 132, -3*u + 81 = -d*r. What is the units digit of u?
4
Let j be (387/(-6))/((-12)/64). Suppose 23*l - 27*l + j = 0. What is the units digit of l?
6
Let b be ((-3)/(-5))/(3 - 98/35). Suppose -238 = -n - 2*y, -y - b*y = -4*n + 940. What is the units digit of n?
6
Let x = 479 + -67. What is the tens digit of x?
1
Suppose -38*q = -15876 - 40212. What is the hundreds digit of q?
4
Suppose h - 4*l - 333 = 0, 45*h - 42*h - 2*l - 979 = 0. What is the units digit of h?
5
Suppose 4*x - 8*x = 4*k, -12 = 4*k. Suppose -x*l = -2*b - 384, -2*b + b - 633 = -5*l. What is the tens digit of l?
2
Let t = 8 + 4. Suppose 0 = -8*c + t*c - 176. What is the units digit of c?
4
Let j(h) = -19*h**3 + 4*h**2 - 6*h + 3. Let u be j(2). Let t = u + 234. What is the units digit of t?
9
Suppose 0 = -a + 385 + 32. What is the units digit of a?
7
What is the hundreds digit of (-17)/((-272)/(-264))*-26?
4
Suppose 3*z - 7*z + 1100 = 0. Suppose -z = -7*d + 2*d. What is the tens digit of d?
5
Let z = -267 - 1. What is the units digit of z/(-12) + 1/(-3)?
2
Let i be -1*(4 + -1)*-1. Let l be (-9)/(-12)*6/9*4. Suppose -r = l*v + i - 53, -182 = -4*r + v. What is the tens digit of r?
4
Let q be (-5)/((-20)/24) - (-1 + -1). Suppose 2*k = -h + 10 + 21, -k + h = -q. What is the units digit of k?
3
Suppose 3*g + 2 - 1 = 4*c, -5*g + 4*c = 15. What is the tens digit of (-3 - g)*(-2 + 18)?
6
Let v = 2059 - 434. What is the thousands digit of v?
1
Let x(k) = 4*k**2 - 3*k. Let l be x(2). Let q be 16/10 - (-4)/l. What is the units digit of ((-8)/q)/((-1)/2)?
8
Let j(g) = g + 6 - 16 - 3*g. What is the tens digit of j(-11)?
1
Let g(z) = -z**3 + 23*z**2 + 24. Let y(r) = -r**2 + 9*r + 3. Let u be y(4). What is the tens digit of g(u)?
2
Let d(s) = -s**3 + 12*s**2 + 17*s - 30. Let g be d(11). Suppose 7*b + g = 1244. What is the tens digit of b?
3
Let n = 5 + 274. Suppose -3*y + 417 = 3*q, -4*y + 259 + n = -2*q. What is the hundreds digit of y?
1
Suppose 0 = -k - 4*k + 75. Let f be ((-5)/3)/(k/(-630)). Suppose 2*w = 4*a - f, 2*a + 2*w = -w + 31. What is the units digit of a?
7
Let y(n) = 8*n + 8. Let w be y(-19). Let r = -48 - w. What is the tens digit of r?
9
Let o = 268 - 152. What is the units digit of o?
6
Suppose -6*x + 65 = -13. What is the tens digit of 271/x + (-6)/(-39)?
2
Suppose -5*u - 30 = -5*w, 0 = -5*u - 12 - 8. Suppose -255 = -10*h + 5*h + w*k, 2*h + 5*k - 102 = 0. What is the units digit of h?
1
Let p(m) = m**3 + 2*m**2 + 5*m + 1. Let i be p(-5). Let y be 2/(-11) + (-18)/i. Suppose y = j, -3*j + 19 = 5*t - 91. What is the tens digit of t?
2
Let t(f) = -f - 4. Let i be t(-6). Suppose -i*k - 4 = 2. What is the tens digit of (-78)/(-2) - (0 + k)?
4
Let f = 426 - -538. What is the units digit of f?
4
What is the thousands digit of (156/48 - 3)/((-1)/(-7652))?
1
Let z = -203 + 376. Let n = z + -92. What is the tens digit of n?
8
Let j(s) be the third derivative of 5*s**4/6 - 7*s**3/3 - 20*s**2. What is the tens digit of j(9)?
6
Suppose c - 1781 = -0*c + 5*i, 0 = -3*c - 4*i + 5381. What is the hundreds digit of c?
7
Let p be 3/(-1) - (-9 + 6). Suppose f + 2*r - 16 = -1, p = 3*f - r - 38. Suppose -43 = -u - f. What is the tens digit of u?
3
Suppose 0*h - 2*h - 7 = 3*d, -d = -2*h - 19. Let u(q) be the second derivative of -q**4/12 - 11*q**3/6 - q**2/2 - 2*q. What is the units digit of u(h)?
3
Let n = 1409 - -342. What is the thousands digit of n?
1
Let b(x) = -7*x - 7. Let i be b(-6). Suppose -2*l + 10 = 4*c + 3*l, 5*c - 5*l - i = 0. What is the units digit of c?
5
Let w be 2/(-5) - 134/(-10). Suppose 0 = -4*i + u - 36, -3*u + 27 = -3*i - 8*u. Let d = i + w. What is the units digit of d?
4
Suppose -3 = -q + 2*j + 1, q + 8 = -2*j. What is the tens digit of (4 + 27)/((-2)/q)?
3
Let f = 0 - -2. Suppose 2*l = -u - 2, -f*u + 0*l = -2*l + 34. What is the tens digit of 2/(-6) - 268/u?
2
Let w = -554 + 810. What is the units digit of w?
6
Suppose 4*a + 3*c = -56, a + 4*c = -0*a - 1. Let m = a + 54. What is the tens digit of m?
3
Let z be (320/(-3))/(((-7)/3)/7). Suppose -z = -10*a + 5*a. What is the tens digit of a?
6
Let s = 241 - 150. Let b(m) = -58*m**2 - 2*m - 1. Let v be b(-1). Let d = v + s. What is the units digit of d?
4
Let u(k) = k**2 - k - 19. What is the tens digit of u(-8)?
5
Suppose 0 = 5*d + 4*t - 23706, -4*t = 3*d - 18855 + 4625. What is the tens digit of d?
3
Let b(w) = 3*w**2 + 6*w - 4. Suppose 6*o - o - 35 = 5*q, 4*q + 7 = -3*o. What is the tens digit of b(o)?
4
Suppose -2*g - 49 = -5*x + 126, -5*x = -3*g - 170. Suppose 13*u - 10*u = -2*q - 66, -4*q - 108 = 5*u. Let b = u + x. What is the tens digit of b?
1
Let n(s) = s**3 + 6*s**2 + 2*s + 5. Let q(j) = j**3 + 14*j**2 - j - 19. Let m be q(-14). What is the tens digit of n(m)?
2
Suppose -d - 16 = -5*c, 5*d = -3 - 2. Suppose 4 = -o, 3*k + c*o + o = 185. What is the units digit of k?
7
Let g be (308/(-8))/((-1)/6). Suppose 12*w - 5*w - g = 0. Let h = -13 + w. What is the tens digit of h?
2
Let d = 126 - 123. Suppose 0 = y + 3*z + 1, -y + 3*y + z - d = 0. What is the units digit of y?
2
Let n = -152 + 56. Let x = -51 - n. What is the tens digit of x?
4
Let z(m) = 15*m + 4. Let j be z(1). Suppose 0*x + 5*x - 97 = -3*o, -x = o - j. What is the units digit of x?
0
Let y(o) = -2*o - 12. Let s be y(-8). Let d(j) = 10*j + 5. Let w(q) = -31*q - 14. Let l(g) = s*w(g) + 11*d(g). What is the units digit of l(-1)?
3
Suppose 0 = -9*m + 518 + 292. Suppose -2*g - 11 = 3*b - 6*b, -5*b + 35 = 5*g. Suppose -g*v + m = 3*v. What is the units digit of v?
8
Let c(d) = 141*d + 41. What is the units digit of c(7)?
8
What is the tens digit of (-1250)/(-2) - (14 - 17)?
2
Suppose -5*f - 23 + 68 = 0. Suppose -105 = 4*b - f*b. What is the tens digit of b?
2
Suppose 3*d - 417 = -4*q, 3*d = -2*q + 6*d + 213. Suppose 5*j - q = -0*j. Let k = j + -17. What is the units digit of k?
4
Let i = 2287 - 1137. What is the thousands digit of i?
1
Let z(u) = -2*u + 6 - 5*u + 4*u. Let l be z(-7). Suppose -y - l = -4*y. What is the units digit of y?
9
Suppose 48 = 3*o + 12. Suppose o*s - 400 = 8*s. What is the units digit of s?
0
Suppose -3*m + 2693 = 5*d, 4*d + 4439 = -15*m + 20*m. What is the tens digit of m?
9
Suppose 4*s + 593 = -955. Let h = -78 - s. What is the units digit of h?
9
Let n(i) = -2*i + 111. What is the units digit of n(-32)?
5
Let g(c) = 2*c**2 - 16*c - 10. Let o(v) = -v**2 + v. Let a(j) = g(j) + 3*o(j). What is the tens digit of a(-6)?
3
Let c(v) = -35*v**3 - v**2 - 12*v - 8. What is the hundreds digit of c(-3)?
9
Let i be (-2464)/(-12) - (-6)/9. Let l = -125 + i. What is the units digit of l?
1
Suppose 0 = -2*i + 4*i + 3*f - 803, 4*f = -5*i + 1997. What is the hundreds digit of i?
3
Let j = 0 - -4. Let h = 9 - j. Suppose -3*x - 16 = -h*n, 2*x - 2*n + 1 + 3 = 0. What is the units digit of x?
3
What is the hundreds digit of ((-7)/(-2) - 3)/(7/59318)?
2
Suppose -u + 2*u - 1 = 0. What is the tens digit of (-2)/(-3*u/21)?
1
Suppose -l + 5*w - 7 = 0, -5*w + 0 + 1 = -3*l. Suppose 0 = -5*r + 2*d + 204, 3*r + l*d - 135 = -0. What is the tens digit of r?
4
Suppose -3*v - 15 = 3*u, -4*v - u + 0 = 5. Suppose -4*p = 2*d - 465 + 105, v = -d + 3*p + 170. What is the units digit of d?
6
Suppose 0*z = z + 5*c - 8, -3*c + 3 = 0. Suppose -7*v + 2*n = -2*v - 538, -z*n + 3 = 0. What is the tens digit of v?
0
What is the units digit of (252/35)/9 - 35902/(-10)?
1
Let d(u) = 11*u - 2. Let h(a) = 7*a**2 + 1. Let t be h(-1). What is the tens digit of d(t)?
8
What is the units digit of (-10556)/(-24) + 3/18?
0
What is the hundreds digit of 3 + (-21)/9 - 2125/(-3)?
7
Let p = -15 + 25. Let m = 5 - p. What is the units digit of (3/(-7))/(m/35)?
3
Let v = 4948 - 2614. What is the units digit of v?
4
Suppose 446 = -5*p + 6*p. Suppose -3*q - 2*q + 4*n = -562, 0 = -4*q + 2*n + p. What is the units digit of q?
0
Suppose 0 = -2*c + 7 - 3. Let b be 120/(-50) + c/5. What is the units digit of b/(-4) + 15/2?
8
Suppose 0 = -5*r + 4*x + 1455, -5 = x - 0. What is the hundreds digit of r?
2
What is the hundreds digit of -2 - (5624/(-40) - (-3)/5)?
1
Let h(y) = -y**3 + y**2 + 12*y - 23. What is the units digit of h(-8)?
7
Let w(q) = q**